 are the prime factors of 2560808?
2, 320101
What are the prime factors of 763803070?
2, 5, 4973, 15359
List the prime factors of 217121914.
2, 673, 161309
List the prime factors of 198262408.
2, 389, 63709
List the prime factors of 678209678.
2, 339104839
What are the prime factors of 12454960?
2, 5, 7, 23, 967
What are the prime factors of 47457167?
4591, 10337
What are the prime factors of 4944463558?
2, 251, 2339, 4211
What are the prime factors of 31467608?
2, 149, 26399
What are the prime factors of 262679103?
3, 149, 195883
List the prime factors of 228614384.
2, 19, 199, 3779
What are the prime factors of 144301589?
144301589
What are the prime factors of 10226780?
2, 5, 223, 2293
List the prime factors of 1492523240.
2, 5, 13, 2870237
What are the prime factors of 1484411715?
3, 5, 3163, 10429
What are the prime factors of 1506744965?
5, 11, 27395363
What are the prime factors of 5433017199?
3, 17, 71, 1500419
List the prime factors of 389109886.
2, 11, 17686813
What are the prime factors of 676233952?
2, 21132311
What are the prime factors of 247255413?
3, 113, 729367
List the prime factors of 49391848.
2, 11, 113, 4967
What are the prime factors of 26716492?
2, 11, 47, 12919
What are the prime factors of 204731025?
3, 5, 2729747
What are the prime factors of 1053093320?
2, 5, 26327333
List the prime factors of 960354049.
61, 15743509
What are the prime factors of 4803599?
19, 37, 6833
List the prime factors of 126222406.
2, 63111203
List the prime factors of 292982596.
2, 73245649
What are the prime factors of 86190102?
2, 3, 17, 93889
List the prime factors of 221601413.
11, 20145583
List the prime factors of 28947271.
23, 41, 30697
What are the prime factors of 1548481?
11, 19, 31, 239
What are the prime factors of 60206846?
2, 7, 4300489
What are the prime factors of 724477902?
2, 3, 120746317
What are the prime factors of 1389345545?
5, 7, 39695587
What are the prime factors of 1867782640?
2, 5, 2543, 9181
List the prime factors of 529730717.
43, 157, 78467
List the prime factors of 2180764391.
13, 167751107
What are the prime factors of 43886213?
7, 73, 12269
List the prime factors of 56252618.
2, 23, 127, 9629
What are the prime factors of 4303295751?
3, 8293, 172969
What are the prime factors of 200541307?
200541307
What are the prime factors of 1112667326?
2, 6089, 91367
List the prime factors of 149177667.
3, 2347, 21187
What are the prime factors of 654282149?
4339, 150791
What are the prime factors of 140506084?
2, 337, 104233
What are the prime factors of 45430893?
3, 73, 69149
List the prime factors of 28420082.
2, 941, 15101
List the prime factors of 154825051.
154825051
List the prime factors of 816149468.
2, 317, 643651
List the prime factors of 1813801501.
41, 44239061
List the prime factors of 55189372.
2, 7, 1971049
List the prime factors of 81037068.
2, 3, 7, 457, 2111
What are the prime factors of 1399696795?
5, 7, 109, 193, 1901
What are the prime factors of 93336137?
17, 139, 39499
What are the prime factors of 15810548?
2, 13, 304049
List the prime factors of 120573840.
2, 3, 5, 211, 2381
What are the prime factors of 825633168?
2, 3, 31, 103, 5387
List the prime factors of 1321606503.
3, 7, 17, 19, 21649
List the prime factors of 2854208667.
3, 23, 41365343
List the prime factors of 270334292.
2, 43, 1571711
List the prime factors of 142751369.
29, 4922461
What are the prime factors of 284028314?
2, 2689, 52813
List the prime factors of 798931857.
3, 907, 293617
List the prime factors of 114276600.
2, 3, 5, 63487
List the prime factors of 133709383.
133709383
List the prime factors of 4628574532.
2, 11177, 103529
List the prime factors of 1031044221.
3, 29, 31, 14159
What are the prime factors of 1114516044?
2, 3, 10319593
List the prime factors of 110973888.
2, 3, 21407
What are the prime factors of 28242888?
2, 3, 1176787
List the prime factors of 23135746.
2, 23, 461, 1091
List the prime factors of 631659929.
3079, 205151
What are the prime factors of 2765418758?
2, 41, 33724619
What are the prime factors of 2428392?
2, 3, 101183
List the prime factors of 1953626432.
2, 30525413
What are the prime factors of 2090617063?
19, 149, 38867
What are the prime factors of 17694589?
11, 1608599
List the prime factors of 130043197.
37, 1549, 2269
What are the prime factors of 75681266?
2, 137, 276209
List the prime factors of 152259904.
2, 43, 61, 907
List the prime factors of 237058759.
7, 109, 310693
List the prime factors of 3347944426.
2, 683, 2450911
List the prime factors of 167923200.
2, 3, 5, 4373
What are the prime factors of 1330150?
2, 5, 37, 719
What are the prime factors of 794155617?
3, 2557, 11503
List the prime factors of 750610807.
137, 5478911
What are the prime factors of 5597499944?
2, 699687493
List the prime factors of 72976520.
2, 5, 1013, 1801
List the prime factors of 153542758.
2, 1223, 62773
List the prime factors of 840846.
2, 3, 353, 397
List the prime factors of 357843529.
357843529
List the prime factors of 54574938.
2, 3, 11, 79, 1163
What are the prime factors of 266247072?
2, 3, 7, 13, 10159
What are the prime factors of 13416324?
2, 3, 1118027
What are the prime factors of 6161398871?
47, 2207, 59399
What are the prime factors of 34484351?
11, 3134941
What are the prime factors of 82978028?
2, 7, 2963501
List the prime factors of 52296784.
2, 3268549
List the prime factors of 1502505549.
3, 487, 342803
List the prime factors of 36609617.
11, 179, 18593
What are the prime factors of 354647935?
5, 307, 231041
List the prime factors of 89349603.
3, 7, 17, 250279
What are the prime factors of 623530034?
2, 311765017
List the prime factors of 2683653527.
59, 71, 101, 6343
What are the prime factors of 2231021061?
3, 17, 53, 275129
What are the prime factors of 206978532?
2, 3, 3541, 4871
What are the prime factors of 703248314?
2, 269, 1307153
List the prime factors of 115877968.
2, 29, 249737
What are the prime factors of 1006272146?
2, 11, 173, 264391
List the prime factors of 971778522.
2, 3, 11, 13, 19, 59611
What are the prime factors of 1198892596?
2, 11, 29, 179, 181
What are the prime factors of 44855501?
44855501
List the prime factors of 73947182.
2, 36973591
What are the prime factors of 85898376?
2, 3, 23, 51871
What are the prime factors of 1455786079?
11, 643, 205823
List the prime factors of 10805011.
7, 131, 11783
What are the prime factors of 251260305?
3, 5, 16750687
List the prime factors of 311493465.
3, 5, 17, 135727
List the prime factors of 184053905.
5, 7, 5258683
List the prime factors of 3571598226.
2, 3, 7, 19, 31, 353, 409
What are the prime factors of 50570764?
2, 12642691
What are the prime factors of 235523608?
2, 443, 66457
List the prime factors of 117448624.
2, 7340539
What are the prime factors of 162189265?
5, 7, 17, 5563
What are the prime factors of 822026353?
359, 2289767
What are the prime factors of 60107884?
2, 31, 379, 1279
What are the prime factors of 510301874?
2, 23, 11093519
What are the prime factors of 43863763?
43863763
List the prime factors of 202516414.
2, 137, 739111
What are the prime factors of 1798514186?
2, 7, 347, 370217
List the prime factors of 622445972.
2, 9887, 15739
What are the prime factors of 143557140?
2, 3, 5, 2392619
List the prime factors of 474225695.
5, 94845139
List the prime factors of 3658433867.
11, 37, 8988781
List the prime factors of 162975911.
7, 29, 114691
List the prime factors of 1446688491.
3, 17, 28366441
List the prime factors of 156623812.
2, 37, 821, 1289
List the prime factors of 5404451037.
3, 22067, 81637
What are the prime factors of 6284429?
6284429
What are the prime factors of 1870515472?
2, 7, 499, 33469
List the prime factors of 262913970.
2, 3, 5, 11, 796709
What are the prime factors of 944657271?
3, 1459, 71941
List the prime factors of 1966675313.
19, 239, 433093
What are the prime factors of 310339393?
7, 13, 131, 3719
List the prime factors of 206698706.
2, 1601, 64553
List the prime factors of 826531068.
2, 3, 11, 179, 34981
List the prime factors of 781282164.
2, 3, 13, 5008219
What are the prime factors of 67694905?
5, 131, 181, 571
List the prime factors of 63073157.
7, 9010451
What are the prime factors of 1185318919?
1185318919
List the prime factors of 104142739.
599, 1